{"id":496,"date":"2022-06-28T12:09:50","date_gmt":"2022-06-28T19:09:50","guid":{"rendered":"https:\/\/lynden.wednet.edu\/lynden-high-school\/?page_id=496"},"modified":"2023-05-02T13:43:55","modified_gmt":"2023-05-02T20:43:55","slug":"families","status":"publish","type":"page","link":"https:\/\/lynden.wednet.edu\/lynden-high-school\/families\/","title":{"rendered":"Families"},"content":{"rendered":"\n<p><strong>WELCOME!<\/strong><br>We are excited to partner with you in your student&#8217;s journey towards graduation and their future success.\u00a0 We are here to help &#8211; If you ever have questions or concerns, please contact our main office at (360) 354-4401.\u00a0<br><br><strong>Do you have questions a class, assignment or missing work concern?<\/strong><br>Please contact your student&#8217;s teacher:\u00a0<a href=\"https:\/\/hs.lynden.wednet.edu\/cms\/one.aspx?pageId=4677\">Staff Directory<\/a><br><br><strong>Do you have an attendance concern?<\/strong>\u00a0\u00a0<\/p>\n\n\n\n\n\n<p>Please call Mrs. Kimber (360) 354-4401 Option 1 or email her at\u00a0<a rel=\"noreferrer noopener\" href=\"mailto:LHS-Attendance@lynden.wednet.edu\" target=\"_blank\">LHS-Attendance@lynden.wednet.edu<\/a><br><br><strong>Do you have a counseling concern (schedule, peer conflict, social-emotional support, etc.)?<\/strong>\u00a0\u00a0<br>Please contact Mrs. Wilde (360) 354-0259 or email your counselor directly:<\/p>\n\n\n\n<ul class=\"wp-block-list\"><li>Last name A-G: Chris Elsner&nbsp;<a href=\"mailto:ElsnerC@lynden.wednet.edu\" target=\"_blank\" rel=\"noreferrer noopener\">ElsnerC@lynden.wednet.edu<\/a><\/li><li>Last name H-O: Erin Shaffer&nbsp;<a href=\"mailto:ShafferE@lynden.wednet.edu\" target=\"_blank\" rel=\"noreferrer noopener\">ShafferE@lynden.wednet.edu<\/a><\/li><li>Last name P-Z: Christina Lynch&nbsp;<a href=\"mailto:LynchC@lynden.wednet.edu\" target=\"_blank\" rel=\"noreferrer noopener\">LynchC@lynden.wednet.edu<\/a><\/li><\/ul>\n\n\n\n<p><strong>Do you have a safety concern or need to report harassment, intimidation or bullying?&nbsp;<\/strong>&nbsp;<br>Please go to&nbsp;<a href=\"https:\/\/lynden-wa.safeschoolsalert.com\/\" target=\"_blank\" rel=\"noreferrer noopener\">SafeSchools Report&nbsp;<\/a>and choose to report using &#8220;Web&#8221;.&nbsp;<\/p>\n\n\n\n<p><strong>\u00a1BIENVENIDOS!<\/strong><br>Estamos emocionados de asociarnos con usted en el viaje de su estudiante hacia la graduaci\u00f3n y su \u00e9xito futuro. Estamos aqu\u00ed para ayudar: si alguna vez tiene preguntas o inquietudes, comun\u00edquese con los servicios comunitarios para familias al (360) 354-1549.<\/p>\n","protected":false},"excerpt":{"rendered":"<p>WELCOME!We are excited to partner with you in your student&#8217;s journey towards graduation and their future success.\u00a0 We are here to help &#8211; If you ever have questions or concerns,&nbsp;&hellip;&nbsp;<a href=\"https:\/\/lynden.wednet.edu\/lynden-high-school\/families\/\">Read&nbsp;More&nbsp;&raquo;<\/a><\/p>\n","protected":false},"author":1,"featured_media":0,"parent":0,"menu_order":0,"comment_status":"closed","ping_status":"closed","template":"tpl-page-without-nav.php","meta":{"footnotes":""},"class_list":["post-496","page","type-page","status-publish","hentry"],"distributor_meta":false,"distributor_terms":false,"distributor_media":false,"distributor_original_site_name":"Lynden High School","distributor_original_site_url":"https:\/\/lynden.wednet.edu\/lynden-high-school","push-errors":false,"_links":{"self":[{"href":"https:\/\/lynden.wednet.edu\/lynden-high-school\/wp-json\/wp\/v2\/pages\/496","targetHints":{"allow":["GET"]}}],"collection":[{"href":"https:\/\/lynden.wednet.edu\/lynden-high-school\/wp-json\/wp\/v2\/pages"}],"about":[{"href":"https:\/\/lynden.wednet.edu\/lynden-high-school\/wp-json\/wp\/v2\/types\/page"}],"author":[{"embeddable":true,"href":"https:\/\/lynden.wednet.edu\/lynden-high-school\/wp-json\/wp\/v2\/users\/1"}],"replies":[{"embeddable":true,"href":"https:\/\/lynden.wednet.edu\/lynden-high-school\/wp-json\/wp\/v2\/comments?post=496"}],"version-history":[{"count":2,"href":"https:\/\/lynden.wednet.edu\/lynden-high-school\/wp-json\/wp\/v2\/pages\/496\/revisions"}],"predecessor-version":[{"id":1045,"href":"https:\/\/lynden.wednet.edu\/lynden-high-school\/wp-json\/wp\/v2\/pages\/496\/revisions\/1045"}],"wp:attachment":[{"href":"https:\/\/lynden.wednet.edu\/lynden-high-school\/wp-json\/wp\/v2\/media?parent=496"}],"curies":[{"name":"wp","href":"https:\/\/api.w.org\/{rel}","templated":true}]}}